 of 36 and q.
9
Let l = -19 + 24. Suppose -b + 621 = 4*p, 196 = 4*p + l*b - 445. Calculate the greatest common divisor of 14 and p.
14
Let f be 393/6 - (-1)/2. Let l(s) = s**2 - 17*s + 68. Let w be l(6). Suppose 5*y - y + w*j = f, j + 21 = y. Calculate the highest common divisor of 54 and y.
18
Suppose 0 = -7*j - j. Let g = 24 - j. Calculate the highest common factor of 60 and g.
12
Let q(v) = 2 - 2*v - 7*v - 5*v**2 + v**3 + 5*v - 2*v**3. Let k be q(-4). Suppose 10 = 3*u - k*u. Calculate the highest common factor of u and 15.
5
Let a(n) = 13*n + 6*n**2 + 6 - 3 - 13*n. Let k be 5/(15/12) - 0. Let m be a(k). Calculate the greatest common divisor of 9 and m.
9
Let z be -6 - 11/(55/(-1005)). What is the highest common divisor of 39 and z?
39
Let s = -2 + -61. Let z(q) = -q**2 + 31*q - 44. Let h be z(24). Let j = h - s. Calculate the greatest common divisor of j and 17.
17
Suppose -5*m + c = 5 - 154, -5*c + 65 = 2*m. Suppose 0 = 5*l + 107 - 132. Calculate the greatest common factor of l and m.
5
Let r be ((-824)/(-10))/(14/35). Suppose -2*a - 5*l = -90, 3*l - r = 2*a - 7*a. Calculate the highest common divisor of a and 320.
40
Let o be -1 - -57 - (4 - 2). Let t = o + 19. Let b = -42 + t. Calculate the greatest common divisor of b and 341.
31
Suppose -8 = -2*d + 10. Let o be -3*(1164/d)/(-4). Suppose 23 = 3*x - o. What is the highest common divisor of x and 60?
20
Let l(c) = c**3 - 28*c**2 + 25*c + 82. Let o be l(27). What is the highest common factor of o and 406?
14
Let x(v) = 23*v**2 - v - 2. Let i be x(-1). Suppose -5*s + 4*p - 22 = -5, 3*s + 4*p = -23. Let h = s - -7. What is the greatest common factor of h and i?
2
Let q(t) = 4*t**3 + 2*t**2 - t + 2. Let i be q(2). Suppose -2 + i = 2*w. Calculate the highest common divisor of w and 209.
19
Let i be ((-15)/9)/(4/(-12)*1). Suppose 8*h + 5*j = 4*h - 11, -3*h - i*j - 12 = 0. Let w be 10/2*6/10. Calculate the greatest common factor of h and w.
1
Suppose 0 = -2*v - 5*y + 1168, 3*v + 252 = 3*y + 1983. Suppose -10*s - v = -7*s. Let w = -50 - s. What is the highest common factor of 13 and w?
13
Let o be 10/4*(-9 - -35). Calculate the highest common factor of 5 and o.
5
Let x = -165 - -183. Let h(i) = 19*i**2 - 8*i + 6. Let p be h(5). Suppose -5*q = 15, 2*q = 3*g - q - p. What is the greatest common divisor of x and g?
18
Let d = 29 + -14. Let u = 61 + -59. Suppose -u*l - s + 95 = 0, 155 = 4*l - l + 4*s. Calculate the greatest common factor of d and l.
15
Let c be ((-5)/(-2))/(57/6612). What is the greatest common divisor of c and 116?
58
Let v(h) = h**3 - 13*h**2 + 15*h - 26. Let a be v(12). Suppose -5*m - f = -8, -2*m + 0*f + 3*f = -a. Calculate the highest common divisor of m and 18.
2
Suppose 2*v - 2*p - 185 = 3*p, -5*v + 471 = -4*p. Calculate the greatest common factor of v and 76.
19
Let m = -24 - -27. Suppose 4*g + 0*c - 2*c = 38, -3 = g - m*c. Calculate the highest common divisor of 24 and g.
12
Suppose -3*g + 4*d = -188, 5*g - d = -0*d + 319. Let k = 9 - 11. Let h(l) = 2*l**2 + 2*l + 4. Let z be h(k). Calculate the highest common factor of z and g.
8
Suppose -502 = 4*m + 2*u, -2*m + m + 3*u - 136 = 0. Let f = 223 + m. Let w be (-2)/6 - 146/(-6). What is the greatest common divisor of f and w?
24
Let a be -2 + (36/(-30))/(-2*5/200). Suppose 4*y + 27 = -u, -u - 6 - 19 = 2*y. Let x = u - -34. What is the highest common divisor of a and x?
11
Suppose -80*q = -29*q - 45288. Calculate the highest common factor of q and 12.
12
Suppose m = 2*r - 52, 0 = m - 0*m + 4. Calculate the greatest common divisor of 276 and r.
12
Let u be (3 + -4)/((-1)/6). Let a be (64/u)/(-2)*-30. Suppose 3*z + 0 - 60 = 0. Calculate the greatest common divisor of z and a.
20
Suppose -12 = -4*u - 4. Let c be (-11 - (-8 - -3))*(1 - u). What is the highest common divisor of 2 and c?
2
Let g = -1159 - -1214. Calculate the greatest common factor of g and 165.
55
Let s be (-21)/(-6)*24/14. Let a(u) = u**2 - 4*u + 6. Let r be a(s). Let i = -6 + 18. What is the greatest common divisor of r and i?
6
Let p be (-3902)/(-14) - 18/(-63). Let g(a) = 287 - p + a + 9*a - a**2. Let c be g(8). Calculate the highest common factor of c and 192.
24
Let y(c) = c**2 + 2*c - 205. Let q be y(-20). What is the greatest common factor of q and 434?
31
Let h(b) = -b + 26. Let k be h(20). Let o be 17/5 + (-8)/20. Suppose -44 - 10 = -o*c. What is the greatest common factor of c and k?
6
Suppose -2*p + 845 + 731 = 0. Let v be (2/(-7) - 0) + p/14. What is the greatest common divisor of v and 16?
8
Suppose 4*k + 665 + 139 = 0. Let w = -158 + 174. Let y = w - k. Calculate the highest common factor of 31 and y.
31
Suppose -n + 12 = 12. Suppose n = -2*v + 3*v - 11. Calculate the highest common divisor of v and 121.
11
Suppose 0*t + t = 6. Suppose -y = -3*m - t*y + 28, 3*m + 7 = 2*y. Let q be 2*(22 - (-3)/m). What is the highest common divisor of q and 75?
25
Let b(r) = r**3 + 19*r**2 - 3*r - 9. Let o = -8 + -11. Let j be b(o). What is the greatest common factor of 336 and j?
48
Let r = 41 - -19. Let o be (r/(-9))/((-7)/42). What is the greatest common factor of 8 and o?
8
Let s(y) = 40*y - 17*y - 22*y - 4 - 2. Let u be s(4). Let c be 201 + 3 + u + -4. What is the highest common factor of 18 and c?
18
Let k(t) = -2*t**2 + 34*t - 27. Let i be k(11). What is the highest common factor of 35 and i?
35
Let y(d) = d + 189. Let h = 10 - 10. Let k be y(h). Let z = -12 - -39. Calculate the greatest common divisor of z and k.
27
Let b = -197 + 341. Let p(g) = -g**3 + 8*g**2 + 3*g - 8. Let q be p(8). What is the highest common factor of q and b?
16
Let w(i) = -i**3 + 8*i**2 - 13*i + 2. Let o be w(6). Let v be (-3)/3*0 - o. What is the greatest common factor of v and 44?
4
Let d = -27 - -16. Let w be -2*(-1)/2 - d. Let n be w/42 + 1256/14. What is the highest common divisor of 10 and n?
10
Let p = 26 + -33. Let n be 28/8*(-36)/p. Calculate the greatest common divisor of n and 27.
9
Let j be 99/22*10/3. Calculate the greatest common divisor of 25 and j.
5
Let u be (5/2 + -1)*32. Let n be 4*(0 - (-1 + -9 + 4)). What is the greatest common divisor of n and u?
24
Let v be ((-33)/(-3))/(2/12). Let k(o) = 2*o**3 + 4*o**2 - 6*o + 6. Let a be k(-3). Calculate the highest common factor of v and a.
6
Let y(q) = -q**2 + 14*q - 24. Let h be y(5). What is the greatest common factor of 3 and h?
3
Suppose 3*n - 92 = -n. Let c = n + -263. Let s be 6/4*c/(-9). What is the highest common divisor of 20 and s?
20
Let s(t) = -2*t**3 - 4*t**2 - t - 3. Let w be s(-3). Suppose -5*h - w = -53. Calculate the highest common divisor of 1 and h.
1
Let r = 1 + -9. Let v = -16 - r. Let b = v - -15. What is the greatest common divisor of b and 35?
7
Suppose -40*n + 2460 = -30*n. Calculate the greatest common divisor of 6 and n.
6
Suppose 4*v = 5*v. Let j(n) = v*n + 4*n - 8 + 6. Let f be j(2). Calculate the greatest common factor of f and 54.
6
Let p = -17 + -16. Let j = p - -46. Calculate the greatest common factor of j and 13.
13
Let p be 37/4 - (-1)/(-4). Suppose -p*b + 252 = -5*b. What is the greatest common factor of b and 42?
21
Let y be (6 + -2)*(-149)/(-4). Suppose 6*m = y + 19. Calculate the highest common divisor of 28 and m.
28
Let i = 48 + -33. Let v = -8 - -11. What is the greatest common factor of i and v?
3
Let f be 1 - (-4)/(-20) - 811/(-5). Let n = 168 - f. What is the greatest common factor of n and 25?
5
Suppose 0 = m - 494 - 115. Calculate the highest common factor of 21 and m.
21
Suppose 21*f = 24*f - 15. Suppose -29 = -5*h + 4*l, -2*h + f*l + 5 = -10. What is the highest common divisor of h and 15?
5
Suppose -3*c + m + 5 = 0, -13*c = -9*c + 5*m - 32. Suppose -351 - 177 = -c*i. What is the highest common factor of 22 and i?
22
Suppose -2*k + 6 = -34. Suppose 5*t - 188 = t. Let z = t + -17. Calculate the greatest common divisor of k and z.
10
Suppose -15*t + 17*t = 0. Let q(v) = -v**3 - v**2 + v + 30. Let r be q(t). Calculate the highest common divisor of 3 and r.
3
Let l be (-3 - 1) + 23 - -1. Suppose -40 = -0*k - 5*k. Let b = 16 - k. Calculate the highest common divisor of l and b.
4
Suppose -2*w = 93 + 19. Let l be 1/(-1) - (w - 0). Suppose 0 = 1254*g - 1248*g - 66. What is the highest common divisor of g and l?
11
Suppose -3*o + 33 + 30 = 0. Suppose 0 = -3*m + 5*x + 12, -3*m - 2*